{"id":29374,"date":"2023-07-17T16:04:08","date_gmt":"2023-07-17T16:04:08","guid":{"rendered":"https:\/\/magicheoffertestellari.com\/wp87\/?page_id=29374"},"modified":"2023-07-17T16:05:12","modified_gmt":"2023-07-17T16:05:12","slug":"termini-e-condizioni","status":"publish","type":"page","link":"https:\/\/magicheoffertestellari.com\/wp87\/termini-e-condizioni\/","title":{"rendered":"termini e condizioni"},"content":{"rendered":"\t\t<div data-elementor-type=\"wp-page\" data-elementor-id=\"29374\" class=\"elementor elementor-29374\" data-elementor-post-type=\"page\">\n\t\t\t\t\t\t<section class=\"elementor-section elementor-top-section elementor-element elementor-element-b6454aa elementor-section-boxed elementor-section-height-default elementor-section-height-default\" data-id=\"b6454aa\" data-element_type=\"section\">\n\t\t\t\t\t\t<div class=\"elementor-container elementor-column-gap-default\">\n\t\t\t\t\t<div class=\"elementor-column elementor-col-100 elementor-top-column elementor-element elementor-element-4e99122\" data-id=\"4e99122\" data-element_type=\"column\">\n\t\t\t<div class=\"elementor-widget-wrap elementor-element-populated\">\n\t\t\t\t\t\t<div class=\"elementor-element elementor-element-a80bbc2 elementor-widget elementor-widget-text-editor\" data-id=\"a80bbc2\" data-element_type=\"widget\" data-widget_type=\"text-editor.default\">\n\t\t\t\t<div class=\"elementor-widget-container\">\n\t\t\t\t\t\t\t\t\t<p>I termini e le condizioni<\/p><p><br \/>Benvenuto. Il tuo consenso a tutti i termini e le condizioni del presente accordo (\u201cAccordo\u201d) \u00e8 necessario prima di poter utilizzare il sito web. \u00c8 inoltre necessario il tuo consenso prima che ti garantiamo l\u2019accesso autorizzato ai servizi e ai prodotti (\u201cContenuto\u201d) offerti nel, sul o tramite il sito web. Se non si accettano i Termini e le condizioni, indicati di seguito, non si sar\u00e0 autorizzati ad accedere al nostro sito o visualizzare, acquistare o utilizzare in altro modo qualsiasi contenuto disponibile nel, sul o tramite il sito Web.<\/p><p>\u00c8 MOLTO IMPORTANTE CHE LEI LEGGA COMPLETAMENTE IL PRESENTE CONTRATTO PERCH\u00c9 EFFETTUANDO UN ACQUISTO O UNA SOTTOSCRIZIONE, SIGNIFICA ESPRESSAMENTE DI ACCETTARE TUTTI I SEGUENTI TERMINI, CONDIZIONI E ALTRE DISPOSIZIONI, STABILITI NEL PRESENTE CONTRATTO, COMPRESE IMPORTANTI LIMITAZIONI RIGUARDANTI \u201cDIVIETO LOCALIT\u00c0\u201d DA CUI NON \u00c8 POSSIBILE ACCEDERE AL SITO WEB, OTTENERE COPIE DEI CONTENUTI O UTILIZZARE QUALUNQUE DEI NOSTRI SERVIZI.<\/p><p>Parti del presente accordo e corrispettivo<br \/>Le parti del presente Accordo (\u201cAccordo\u201d) sei tu (\u201cTu\u201d, a volte indicato come \u201cCliente\u201d) e il proprietario. Come utilizzati nel presente Accordo, i termini \u201cnoi\u201d e \u201cnoi\u201d sono usati in modo intercambiabile per fare riferimento a Hepdrive Limited e ai suoi operatori del sito web. Accedendo ulteriormente al sito Web o ai materiali disponibili presso o in associazione con il sito Web e per altri buoni e preziosi corrispettivi, la cui sufficienza \u00e8 riconosciuta dall\u2019utente e da Hepdrive Limited. Con la presente accetti di essere vincolato da tutti i Termini e condizioni stabiliti nel presente Accordo.<\/p><p>0. Preambolo<br \/>I dati cliente sono solo per uso interno e saranno trattati in modo confidenziale dal network o advertiser.<br \/>Tutti gli ordini verranno evasi il prima possibile.<br \/>Tutte le domande riceveranno risposta entro due (2) giorni lavorativi.<br \/>Si consiglia di stampare i dati della transazione e i Termini e condizioni e di conservarli in un luogo facilmente accessibile.<br \/>Vietato per le persone sotto l\u2019et\u00e0 legale nel rispettivo paese.<br \/>1. Definizioni<br \/>\u201cMembro\u201d o \u201cAbbonamento\u201d indica l\u2019Abbonato o l\u2019utente di un nome utente e una password validi per il Sito durante il periodo di abbonamento.<br \/>\u201cCliente\u201d indica un individuo che effettua un unico acquisto, senza creare un account di iscrizione.<br \/>Indicheremo qualsiasi societ\u00e0 che fattura al Cliente, comprese eventuali societ\u00e0 di fatturazione aggiuntive utilizzate da noi o le relative modifiche.<br \/>\u201cSito\u201d indica il sito web sul quale l\u2019Abbonato\/Cliente acquista un prodotto.<\/p><p>2. Descrizione dei Servizi<br \/>Il sito offre grandi sconti su una variet\u00e0 di prodotti. Fare acquisti a prezzi scontati sul Sito \u00e8 possibile solo se confermi telefonicamente quando ti contatter\u00e0 il nostro call center. Questo sito web \u00e8 riservato ai clienti privati.<\/p><p>Il sito offre comunque la stessa variet\u00e0 di prodotti per tutti i Clienti al prezzo normale, non scontato. Non avrai bisogno di un account o di un abbonamento per acquistare prodotti al prezzo normale.<\/p><p>3. Come acquistare<br \/>I membri dovranno compilare il modulo inserendo \u201cNome, Indirizzo, Citt\u00e0 e numero di telefono\u201d e successivamente riceveranno una chiamata per confermare l\u2019ordine.<br \/>Una volta confermato l\u2019ordine, riceverai una conferma dell\u2019ordine via e-mail e riceverai un\u2019altra e-mail una volta che avremo spedito il tuo ordine.<\/p><p>In qualit\u00e0 di cliente effettui l\u2019acquisto del prodotto direttamente sul nostro sito web. Una volta che l\u2019ordine \u00e8 stato completato, riceverai una conferma d\u2019ordine via e-mail e riceverai un\u2019altra e-mail una volta che avremo spedito il tuo ordine.<\/p><p>4. Informazioni sui prezzi<br \/>I prezzi scontati indicati sul sito Web sono i prezzi dei membri. I prezzi con cui confrontiamo i nostri sono i prezzi guida di mercato utilizzati in altri negozi e su altri siti web.<\/p><p>La nostra attivit\u00e0 gestisce il sito Web con consegna in molti Paesi. Per esigenze climatiche o per l\u2019applicazione di leggi imperative (es. IVA o relative a periodi obbligatori ufficiali per i saldi di fine stagione), i Prodotti venduti ed i relativi prezzi possono variare da Paese a Paese.<\/p>\t\t\t\t\t\t\t\t<\/div>\n\t\t\t\t<\/div>\n\t\t\t\t\t<\/div>\n\t\t<\/div>\n\t\t\t\t\t<\/div>\n\t\t<\/section>\n\t\t\t\t<\/div>\n\t\t","protected":false},"excerpt":{"rendered":"<p>I termini e le condizioni Benvenuto. Il tuo consenso a tutti i termini e le condizioni del presente accordo (\u201cAccordo\u201d) \u00e8 necessario prima di poter utilizzare il sito web. \u00c8 inoltre necessario il tuo consenso prima che ti garantiamo l\u2019accesso autorizzato ai servizi e ai prodotti (\u201cContenuto\u201d) offerti nel, sul o tramite il sito web. [&hellip;]<\/p>\n","protected":false},"author":1,"featured_media":0,"parent":0,"menu_order":0,"comment_status":"closed","ping_status":"closed","template":"elementor_canvas","meta":{"_et_pb_use_builder":"","_et_pb_old_content":"","_et_gb_content_width":"","footnotes":""},"class_list":["post-29374","page","type-page","status-publish","hentry"],"yoast_head":"<!-- This site is optimized with the Yoast SEO plugin v24.1 - https:\/\/yoast.com\/wordpress\/plugins\/seo\/ -->\n<title>termini e condizioni - Le migliori offerte<\/title>\n<meta name=\"robots\" content=\"index, follow, max-snippet:-1, max-image-preview:large, max-video-preview:-1\" \/>\n<link rel=\"canonical\" href=\"https:\/\/magicheoffertestellari.com\/wp87\/termini-e-condizioni\/\" \/>\n<meta property=\"og:locale\" content=\"it_IT\" \/>\n<meta property=\"og:type\" content=\"article\" \/>\n<meta property=\"og:title\" content=\"termini e condizioni - Le migliori offerte\" \/>\n<meta property=\"og:description\" content=\"I termini e le condizioni Benvenuto. Il tuo consenso a tutti i termini e le condizioni del presente accordo (\u201cAccordo\u201d) \u00e8 necessario prima di poter utilizzare il sito web. \u00c8 inoltre necessario il tuo consenso prima che ti garantiamo l\u2019accesso autorizzato ai servizi e ai prodotti (\u201cContenuto\u201d) offerti nel, sul o tramite il sito web. [&hellip;]\" \/>\n<meta property=\"og:url\" content=\"https:\/\/magicheoffertestellari.com\/wp87\/termini-e-condizioni\/\" \/>\n<meta property=\"og:site_name\" content=\"Le migliori offerte\" \/>\n<meta property=\"article:modified_time\" content=\"2023-07-17T16:05:12+00:00\" \/>\n<meta name=\"twitter:card\" content=\"summary_large_image\" \/>\n<meta name=\"twitter:label1\" content=\"Tempo di lettura stimato\" \/>\n\t<meta name=\"twitter:data1\" content=\"4 minuti\" \/>\n<script type=\"application\/ld+json\" class=\"yoast-schema-graph\">{\"@context\":\"https:\/\/schema.org\",\"@graph\":[{\"@type\":\"WebPage\",\"@id\":\"https:\/\/magicheoffertestellari.com\/wp87\/termini-e-condizioni\/\",\"url\":\"https:\/\/magicheoffertestellari.com\/wp87\/termini-e-condizioni\/\",\"name\":\"termini e condizioni - Le migliori offerte\",\"isPartOf\":{\"@id\":\"https:\/\/magicheoffertestellari.com\/wp87\/#website\"},\"datePublished\":\"2023-07-17T16:04:08+00:00\",\"dateModified\":\"2023-07-17T16:05:12+00:00\",\"breadcrumb\":{\"@id\":\"https:\/\/magicheoffertestellari.com\/wp87\/termini-e-condizioni\/#breadcrumb\"},\"inLanguage\":\"it-IT\",\"potentialAction\":[{\"@type\":\"ReadAction\",\"target\":[\"https:\/\/magicheoffertestellari.com\/wp87\/termini-e-condizioni\/\"]}]},{\"@type\":\"BreadcrumbList\",\"@id\":\"https:\/\/magicheoffertestellari.com\/wp87\/termini-e-condizioni\/#breadcrumb\",\"itemListElement\":[{\"@type\":\"ListItem\",\"position\":1,\"name\":\"Home\",\"item\":\"https:\/\/magicheoffertestellari.com\/wp87\/\"},{\"@type\":\"ListItem\",\"position\":2,\"name\":\"termini e condizioni\"}]},{\"@type\":\"WebSite\",\"@id\":\"https:\/\/magicheoffertestellari.com\/wp87\/#website\",\"url\":\"https:\/\/magicheoffertestellari.com\/wp87\/\",\"name\":\"Le migliori offerte\",\"description\":\"Migliori prodotti\",\"potentialAction\":[{\"@type\":\"SearchAction\",\"target\":{\"@type\":\"EntryPoint\",\"urlTemplate\":\"https:\/\/magicheoffertestellari.com\/wp87\/?s={search_term_string}\"},\"query-input\":{\"@type\":\"PropertyValueSpecification\",\"valueRequired\":true,\"valueName\":\"search_term_string\"}}],\"inLanguage\":\"it-IT\"}]}<\/script>\n<!-- \/ Yoast SEO plugin. -->","yoast_head_json":{"title":"termini e condizioni - Le migliori offerte","robots":{"index":"index","follow":"follow","max-snippet":"max-snippet:-1","max-image-preview":"max-image-preview:large","max-video-preview":"max-video-preview:-1"},"canonical":"https:\/\/magicheoffertestellari.com\/wp87\/termini-e-condizioni\/","og_locale":"it_IT","og_type":"article","og_title":"termini e condizioni - Le migliori offerte","og_description":"I termini e le condizioni Benvenuto. Il tuo consenso a tutti i termini e le condizioni del presente accordo (\u201cAccordo\u201d) \u00e8 necessario prima di poter utilizzare il sito web. \u00c8 inoltre necessario il tuo consenso prima che ti garantiamo l\u2019accesso autorizzato ai servizi e ai prodotti (\u201cContenuto\u201d) offerti nel, sul o tramite il sito web. [&hellip;]","og_url":"https:\/\/magicheoffertestellari.com\/wp87\/termini-e-condizioni\/","og_site_name":"Le migliori offerte","article_modified_time":"2023-07-17T16:05:12+00:00","twitter_card":"summary_large_image","twitter_misc":{"Tempo di lettura stimato":"4 minuti"},"schema":{"@context":"https:\/\/schema.org","@graph":[{"@type":"WebPage","@id":"https:\/\/magicheoffertestellari.com\/wp87\/termini-e-condizioni\/","url":"https:\/\/magicheoffertestellari.com\/wp87\/termini-e-condizioni\/","name":"termini e condizioni - Le migliori offerte","isPartOf":{"@id":"https:\/\/magicheoffertestellari.com\/wp87\/#website"},"datePublished":"2023-07-17T16:04:08+00:00","dateModified":"2023-07-17T16:05:12+00:00","breadcrumb":{"@id":"https:\/\/magicheoffertestellari.com\/wp87\/termini-e-condizioni\/#breadcrumb"},"inLanguage":"it-IT","potentialAction":[{"@type":"ReadAction","target":["https:\/\/magicheoffertestellari.com\/wp87\/termini-e-condizioni\/"]}]},{"@type":"BreadcrumbList","@id":"https:\/\/magicheoffertestellari.com\/wp87\/termini-e-condizioni\/#breadcrumb","itemListElement":[{"@type":"ListItem","position":1,"name":"Home","item":"https:\/\/magicheoffertestellari.com\/wp87\/"},{"@type":"ListItem","position":2,"name":"termini e condizioni"}]},{"@type":"WebSite","@id":"https:\/\/magicheoffertestellari.com\/wp87\/#website","url":"https:\/\/magicheoffertestellari.com\/wp87\/","name":"Le migliori offerte","description":"Migliori prodotti","potentialAction":[{"@type":"SearchAction","target":{"@type":"EntryPoint","urlTemplate":"https:\/\/magicheoffertestellari.com\/wp87\/?s={search_term_string}"},"query-input":{"@type":"PropertyValueSpecification","valueRequired":true,"valueName":"search_term_string"}}],"inLanguage":"it-IT"}]}},"_links":{"self":[{"href":"https:\/\/magicheoffertestellari.com\/wp87\/wp-json\/wp\/v2\/pages\/29374","targetHints":{"allow":["GET"]}}],"collection":[{"href":"https:\/\/magicheoffertestellari.com\/wp87\/wp-json\/wp\/v2\/pages"}],"about":[{"href":"https:\/\/magicheoffertestellari.com\/wp87\/wp-json\/wp\/v2\/types\/page"}],"author":[{"embeddable":true,"href":"https:\/\/magicheoffertestellari.com\/wp87\/wp-json\/wp\/v2\/users\/1"}],"replies":[{"embeddable":true,"href":"https:\/\/magicheoffertestellari.com\/wp87\/wp-json\/wp\/v2\/comments?post=29374"}],"version-history":[{"count":4,"href":"https:\/\/magicheoffertestellari.com\/wp87\/wp-json\/wp\/v2\/pages\/29374\/revisions"}],"predecessor-version":[{"id":29378,"href":"https:\/\/magicheoffertestellari.com\/wp87\/wp-json\/wp\/v2\/pages\/29374\/revisions\/29378"}],"wp:attachment":[{"href":"https:\/\/magicheoffertestellari.com\/wp87\/wp-json\/wp\/v2\/media?parent=29374"}],"curies":[{"name":"wp","href":"https:\/\/api.w.org\/{rel}","templated":true}]}}