{"id":14845,"date":"2022-09-19T14:39:31","date_gmt":"2022-09-19T14:39:31","guid":{"rendered":"https:\/\/magicheoffertestellari.com\/wp87\/?page_id=14845"},"modified":"2022-09-19T14:44:45","modified_gmt":"2022-09-19T14:44:45","slug":"cookie","status":"publish","type":"page","link":"https:\/\/magicheoffertestellari.com\/wp87\/cookie\/","title":{"rendered":"Cookie"},"content":{"rendered":"\t\t<div data-elementor-type=\"wp-page\" data-elementor-id=\"14845\" class=\"elementor elementor-14845\" data-elementor-post-type=\"page\">\n\t\t\t\t\t\t<section class=\"elementor-section elementor-top-section elementor-element elementor-element-3f8ac18 elementor-section-boxed elementor-section-height-default elementor-section-height-default\" data-id=\"3f8ac18\" data-element_type=\"section\">\n\t\t\t\t\t\t<div class=\"elementor-container elementor-column-gap-default\">\n\t\t\t\t\t<div class=\"elementor-column elementor-col-100 elementor-top-column elementor-element elementor-element-895607a\" data-id=\"895607a\" data-element_type=\"column\">\n\t\t\t<div class=\"elementor-widget-wrap elementor-element-populated\">\n\t\t\t\t\t\t<div class=\"elementor-element elementor-element-361a6c0 elementor-widget elementor-widget-text-editor\" data-id=\"361a6c0\" data-element_type=\"widget\" data-widget_type=\"text-editor.default\">\n\t\t\t\t<div class=\"elementor-widget-container\">\n\t\t\t\t\t\t\t\t\t<p>COOKIE POLICY, POLITICA ED INFORMATIVA SULL\u2019UTILIZZO DEI COOKIE<\/p>\n<p>NOTA INFORMATIVA COOKIES TECNICI E DI SESSIONE ai sensi dell\u2019art. 13 del D.Lgs .196\/2003<\/p>\n<p>La disciplina relativa all\u2019uso dei c.d. \u201ccookie\u201d e di altri strumenti analoghi (web beacon\/web bug, clearGIF, ecc.) nei terminali (personal computer, notebook, tablet pc,smartphone, ecc.) utilizzati dagli utenti, \u00e8 stata recentemente modificata a seguito dell\u2019attuazione della direttiva 2009\/136 che ha modificato la direttiva \u201ce-Privacy\u201d (2002\/58\/CE) e del provvedimento \u201cIndividuazione delle modalit\u00e0 semplificate per l\u2019informativa e l\u2019acquisizione del consenso per l\u2019uso dei cookie \u2013 8 maggio 2014\u201d<\/p>\n<p>Uso dei cookie<\/p>\n<p>www.magicheoffertestellari.com o il \u201cSito\u201d utilizza i cookie per rendere i propri servizi semplici e efficienti per gli Utenti che visualizzano le sue pagine.<\/p>\n<p>L\u2019informativa \u00e8 resa solo per il suddetto Sito e tutti i siti e sottodomini il cui dominio di secondo livello \u00e8 www.magicheoffertestellari.com e non anche per altri siti web eventualmente consultati dall\u2019utente tramite link.<\/p>\n<p>Gli Utenti che visualizzano www.magicheoffertestellari.com vedranno inserite delle quantit\u00e0 minime di informazioni nei terminali che utilizzano, siano essi computer desktop, notebook o dispositivi mobili, in piccoli file di testo denominati \u201ccookie\u201d salvati nelle directory utilizzate dal browser web dell\u2019Utente.<\/p>\n<p>Esistono varie tipologie di cookie, alcuni per rendere pi\u00f9 efficace l\u2019uso del Sito e migliorare l\u2019esperienza di navigazione dell\u2019Utente, altri per abilitare funzionalit\u00e0 particolari.<\/p>\n<p>Si possono trovare maggiori informazioni sui cookie ai seguenti URL:<\/p>\n<p>http:\/\/it.wikipedia.org\/wiki\/Cookie<\/p>\n<p>http:\/\/www.allaboutcookies.org<\/p>\n<p>Tipologie di Cookie utilizzati da www.magicheoffertestellari.com<\/p>\n<p>Cookie Tecnici<\/p>\n<p>Questa tipologia di cookie permette il corretto funzionamento di alcune sezioni del Sito.<\/p>\n<p>In questo Sito internet vengono utilizzati solo cookie tecnici, cio\u00e8 quelli utilizzati al solo fine di \u201ceffettuare la trasmissione di una comunicazione su una rete di comunicazione elettronica,o nella misura strettamente necessaria al fornitore di un servizio della societ\u00e0 dell\u2019informazione esplicitamente richiesto dall\u2019abbonato o dall\u2019Utente a erogare tale servizio\u201d (cfr. art. 122, comma 1, del Codice).<\/p>\n<p>Essi non vengono utilizzati per scopi ulteriori e sono normalmente installati direttamente dal titolare o gestore del sito web.<\/p>\n<p>Possono essere suddivisi in cookie di navigazione o di sessione, che garantiscono la normale navigazione e fruizione del sito web (permettendo, ad esempio, di realizzare un acquisto o autenticarsi per accedere ad aree riservate);<\/p>\n<p>cookie analytics, assimilati ai cookie tecnici laddove utilizzati direttamente dal gestore del sito per raccogliere informazioni, in forma aggregata, sul numero degli utenti e su come questi visitano il sito stesso;<\/p>\n<p>cookie di funzionalit\u00e0, che permettono all\u2019Utente la navigazione in funzione di una serie di criteri selezionati (ad esempio, la lingua, i prodotti selezionati per l\u2019acquisto) al fine di migliorare il servizio reso all\u2019Utente stesso.<\/p>\n<p>Per l\u2019installazione di tali cookie non \u00e8 richiesto il preventivo consenso degli Utenti, mentre resta fermo l\u2019obbligo di dare l\u2019informativa ai sensi dell\u2019art. 13 del Codice, che il gestore del Sito, qualora utilizzi soltanto tali dispositivi, potr\u00e0 fornire con le modalit\u00e0 che ritiene pi\u00f9 idonee.<\/p>\n<p>L\u2019acquisizione e il trattamento dei dati derivanti dall\u2019utilizzo dei cookie tecnici \u00e8 obbligatorio per la consultazione dei Sito.<\/p>\n<p>In caso di opposizione da parte dell\u2019Utente non sar\u00e0 possibile la visione completa e corretta del Sito.<\/p>\n<p>Esclusi i cookie tecnici, la regola generale per \u201cL\u2019archiviazione delle informazioni nell\u2019apparecchio terminale di un contraente o di un utente o l\u2019accesso a informazioni gi\u00e0 archiviate\u201d resta quella del consenso preventivo e informato dell\u2019Utente (opt-in).<\/p>\n<p>Ci\u00f2 vuol dire che tutti i cookie non qualificabili come \u201ctecnici\u201d che presentano peraltro maggiori criticit\u00e0 dal punto di vista della protezione della sfera privata degli Utenti, come ad esempio, quelli usati per finalit\u00e0 di profilazione e marketing non possono essere installati sui terminali degli Utenti stessi se questi non siano stati prima adeguatamente informati e non abbiano prestato al riguardo un valido consenso.<\/p>\n<p>COOKIE TECNICI E DI ANALYTICS UTILIZZATI DA QUESTO SITO:<\/p>\n<p>wire e wire_challenge: di sessione \u2013 necessario alla piattaforma web per identificare la singola sessione di un utente.<\/p>\n<p>_ga: persistente \u2013 distinzione degli utenti \u2013 necessario al servizio di terze parti Google Analytics. Durata: 2 anni<\/p>\n<p>Come gestire i cookie mediante configurazione del browser<\/p>\n<p>Indichiamo di seguito le pagine dei produttori di browser che spiegano in dettaglio come agire sulle prefeneze di privacy e tracciamento in base al tipo di browser utilizzato dall\u2019Utente:<\/p>\n<p>Mozilla Firefox: Bloccare i cookie<\/p>\n<p>Google Chrome: Gestione dei cookie e dei dati dei siti<\/p>\n<p>Safari 6\/7 (Mavericks): Gestire cookie e altri dati dei siti web<\/p>\n<p>Safari 8 (Yosemite): Gestire cookie e dati dei siti web<\/p>\n<p>Internet Explorer: Bloccare o consentire i cookie<\/p>\n<p>Opera: Cookie<\/p>\n<p>Safari iOS (mobile): Impostazioni web per Safari su iPhone, iPad, o iPod touch<\/p>\n<p>Questa pagina \u00e8 visibile, mediante link in calce in tutte le pagine del Sito ai sensi dell\u2019art. 122 secondo comma del D.lgs. 196\/2003 e a seguito delle modalit\u00e0 semplificate per l\u2019informativa e l\u2019acquisizione del consenso per l\u2019uso dei cookie pubblicata sulla Gazzetta Ufficiale n.126 del 3 giugno 2014 e relativo registro dei provvedimenti n.229 dell\u20198 maggio 2014.<\/p>\t\t\t\t\t\t\t\t<\/div>\n\t\t\t\t<\/div>\n\t\t\t\t\t<\/div>\n\t\t<\/div>\n\t\t\t\t\t<\/div>\n\t\t<\/section>\n\t\t\t\t<\/div>\n\t\t","protected":false},"excerpt":{"rendered":"<p>COOKIE POLICY, POLITICA ED INFORMATIVA SULL\u2019UTILIZZO DEI COOKIE NOTA INFORMATIVA COOKIES TECNICI E DI SESSIONE ai sensi dell\u2019art. 13 del D.Lgs .196\/2003 La disciplina relativa all\u2019uso dei c.d. \u201ccookie\u201d e di altri strumenti analoghi (web beacon\/web bug, clearGIF, ecc.) nei terminali (personal computer, notebook, tablet pc,smartphone, ecc.) utilizzati dagli utenti, \u00e8 stata recentemente modificata a [&hellip;]<\/p>\n","protected":false},"author":1,"featured_media":0,"parent":0,"menu_order":0,"comment_status":"closed","ping_status":"closed","template":"elementor_canvas","meta":{"_et_pb_use_builder":"","_et_pb_old_content":"","_et_gb_content_width":"","footnotes":""},"class_list":["post-14845","page","type-page","status-publish","hentry"],"yoast_head":"<!-- This site is optimized with the Yoast SEO plugin v24.1 - https:\/\/yoast.com\/wordpress\/plugins\/seo\/ -->\n<title>Cookie - Le migliori offerte<\/title>\n<meta name=\"robots\" content=\"index, follow, max-snippet:-1, max-image-preview:large, max-video-preview:-1\" \/>\n<link rel=\"canonical\" href=\"https:\/\/magicheoffertestellari.com\/wp87\/cookie\/\" \/>\n<meta property=\"og:locale\" content=\"it_IT\" \/>\n<meta property=\"og:type\" content=\"article\" \/>\n<meta property=\"og:title\" content=\"Cookie - Le migliori offerte\" \/>\n<meta property=\"og:description\" content=\"COOKIE POLICY, POLITICA ED INFORMATIVA SULL\u2019UTILIZZO DEI COOKIE NOTA INFORMATIVA COOKIES TECNICI E DI SESSIONE ai sensi dell\u2019art. 13 del D.Lgs .196\/2003 La disciplina relativa all\u2019uso dei c.d. \u201ccookie\u201d e di altri strumenti analoghi (web beacon\/web bug, clearGIF, ecc.) nei terminali (personal computer, notebook, tablet pc,smartphone, ecc.) utilizzati dagli utenti, \u00e8 stata recentemente modificata a [&hellip;]\" \/>\n<meta property=\"og:url\" content=\"https:\/\/magicheoffertestellari.com\/wp87\/cookie\/\" \/>\n<meta property=\"og:site_name\" content=\"Le migliori offerte\" \/>\n<meta property=\"article:modified_time\" content=\"2022-09-19T14:44:45+00:00\" \/>\n<meta name=\"twitter:card\" content=\"summary_large_image\" \/>\n<meta name=\"twitter:label1\" content=\"Tempo di lettura stimato\" \/>\n\t<meta name=\"twitter:data1\" content=\"5 minuti\" \/>\n<script type=\"application\/ld+json\" class=\"yoast-schema-graph\">{\"@context\":\"https:\/\/schema.org\",\"@graph\":[{\"@type\":\"WebPage\",\"@id\":\"https:\/\/magicheoffertestellari.com\/wp87\/cookie\/\",\"url\":\"https:\/\/magicheoffertestellari.com\/wp87\/cookie\/\",\"name\":\"Cookie - Le migliori offerte\",\"isPartOf\":{\"@id\":\"https:\/\/magicheoffertestellari.com\/wp87\/#website\"},\"datePublished\":\"2022-09-19T14:39:31+00:00\",\"dateModified\":\"2022-09-19T14:44:45+00:00\",\"breadcrumb\":{\"@id\":\"https:\/\/magicheoffertestellari.com\/wp87\/cookie\/#breadcrumb\"},\"inLanguage\":\"it-IT\",\"potentialAction\":[{\"@type\":\"ReadAction\",\"target\":[\"https:\/\/magicheoffertestellari.com\/wp87\/cookie\/\"]}]},{\"@type\":\"BreadcrumbList\",\"@id\":\"https:\/\/magicheoffertestellari.com\/wp87\/cookie\/#breadcrumb\",\"itemListElement\":[{\"@type\":\"ListItem\",\"position\":1,\"name\":\"Home\",\"item\":\"https:\/\/magicheoffertestellari.com\/wp87\/\"},{\"@type\":\"ListItem\",\"position\":2,\"name\":\"Cookie\"}]},{\"@type\":\"WebSite\",\"@id\":\"https:\/\/magicheoffertestellari.com\/wp87\/#website\",\"url\":\"https:\/\/magicheoffertestellari.com\/wp87\/\",\"name\":\"Le migliori offerte\",\"description\":\"Migliori prodotti\",\"potentialAction\":[{\"@type\":\"SearchAction\",\"target\":{\"@type\":\"EntryPoint\",\"urlTemplate\":\"https:\/\/magicheoffertestellari.com\/wp87\/?s={search_term_string}\"},\"query-input\":{\"@type\":\"PropertyValueSpecification\",\"valueRequired\":true,\"valueName\":\"search_term_string\"}}],\"inLanguage\":\"it-IT\"}]}<\/script>\n<!-- \/ Yoast SEO plugin. -->","yoast_head_json":{"title":"Cookie - Le migliori offerte","robots":{"index":"index","follow":"follow","max-snippet":"max-snippet:-1","max-image-preview":"max-image-preview:large","max-video-preview":"max-video-preview:-1"},"canonical":"https:\/\/magicheoffertestellari.com\/wp87\/cookie\/","og_locale":"it_IT","og_type":"article","og_title":"Cookie - Le migliori offerte","og_description":"COOKIE POLICY, POLITICA ED INFORMATIVA SULL\u2019UTILIZZO DEI COOKIE NOTA INFORMATIVA COOKIES TECNICI E DI SESSIONE ai sensi dell\u2019art. 13 del D.Lgs .196\/2003 La disciplina relativa all\u2019uso dei c.d. \u201ccookie\u201d e di altri strumenti analoghi (web beacon\/web bug, clearGIF, ecc.) nei terminali (personal computer, notebook, tablet pc,smartphone, ecc.) utilizzati dagli utenti, \u00e8 stata recentemente modificata a [&hellip;]","og_url":"https:\/\/magicheoffertestellari.com\/wp87\/cookie\/","og_site_name":"Le migliori offerte","article_modified_time":"2022-09-19T14:44:45+00:00","twitter_card":"summary_large_image","twitter_misc":{"Tempo di lettura stimato":"5 minuti"},"schema":{"@context":"https:\/\/schema.org","@graph":[{"@type":"WebPage","@id":"https:\/\/magicheoffertestellari.com\/wp87\/cookie\/","url":"https:\/\/magicheoffertestellari.com\/wp87\/cookie\/","name":"Cookie - Le migliori offerte","isPartOf":{"@id":"https:\/\/magicheoffertestellari.com\/wp87\/#website"},"datePublished":"2022-09-19T14:39:31+00:00","dateModified":"2022-09-19T14:44:45+00:00","breadcrumb":{"@id":"https:\/\/magicheoffertestellari.com\/wp87\/cookie\/#breadcrumb"},"inLanguage":"it-IT","potentialAction":[{"@type":"ReadAction","target":["https:\/\/magicheoffertestellari.com\/wp87\/cookie\/"]}]},{"@type":"BreadcrumbList","@id":"https:\/\/magicheoffertestellari.com\/wp87\/cookie\/#breadcrumb","itemListElement":[{"@type":"ListItem","position":1,"name":"Home","item":"https:\/\/magicheoffertestellari.com\/wp87\/"},{"@type":"ListItem","position":2,"name":"Cookie"}]},{"@type":"WebSite","@id":"https:\/\/magicheoffertestellari.com\/wp87\/#website","url":"https:\/\/magicheoffertestellari.com\/wp87\/","name":"Le migliori offerte","description":"Migliori prodotti","potentialAction":[{"@type":"SearchAction","target":{"@type":"EntryPoint","urlTemplate":"https:\/\/magicheoffertestellari.com\/wp87\/?s={search_term_string}"},"query-input":{"@type":"PropertyValueSpecification","valueRequired":true,"valueName":"search_term_string"}}],"inLanguage":"it-IT"}]}},"_links":{"self":[{"href":"https:\/\/magicheoffertestellari.com\/wp87\/wp-json\/wp\/v2\/pages\/14845","targetHints":{"allow":["GET"]}}],"collection":[{"href":"https:\/\/magicheoffertestellari.com\/wp87\/wp-json\/wp\/v2\/pages"}],"about":[{"href":"https:\/\/magicheoffertestellari.com\/wp87\/wp-json\/wp\/v2\/types\/page"}],"author":[{"embeddable":true,"href":"https:\/\/magicheoffertestellari.com\/wp87\/wp-json\/wp\/v2\/users\/1"}],"replies":[{"embeddable":true,"href":"https:\/\/magicheoffertestellari.com\/wp87\/wp-json\/wp\/v2\/comments?post=14845"}],"version-history":[{"count":4,"href":"https:\/\/magicheoffertestellari.com\/wp87\/wp-json\/wp\/v2\/pages\/14845\/revisions"}],"predecessor-version":[{"id":14853,"href":"https:\/\/magicheoffertestellari.com\/wp87\/wp-json\/wp\/v2\/pages\/14845\/revisions\/14853"}],"wp:attachment":[{"href":"https:\/\/magicheoffertestellari.com\/wp87\/wp-json\/wp\/v2\/media?parent=14845"}],"curies":[{"name":"wp","href":"https:\/\/api.w.org\/{rel}","templated":true}]}}